culate the remainder when 72603 is divided by 114.
99
What is the remainder when 756679 is divided by 13509?
175
What is the remainder when 36466 is divided by 4542?
130
Calculate the remainder when 71092412 is divided by 12.
8
What is the remainder when 53247 is divided by 17220?
1587
What is the remainder when 1865937 is divided by 16085?
77
What is the remainder when 14912397 is divided by 2150?
2147
Calculate the remainder when 949418 is divided by 203.
190
What is the remainder when 3911510 is divided by 1955719?
72
Calculate the remainder when 7824916 is divided by 391245.
16
Calculate the remainder when 38944 is divided by 9696.
160
Calculate the remainder when 13402 is divided by 1858.
396
Calculate the remainder when 25242312 is divided by 2716.
2524
Calculate the remainder when 4499119 is divided by 33.
31
What is the remainder when 1687952 is divided by 225?
2
What is the remainder when 13548441 is divided by 1092?
1089
What is the remainder when 204607 is divided by 2377?
185
What is the remainder when 13101563 is divided by 1091796?
11
What is the remainder when 12068 is divided by 1556?
1176
Calculate the remainder when 3674485 is divided by 6999.
10
What is the remainder when 41519188 is divided by 20759590?
8
Calculate the remainder when 983504 is divided by 189.
137
What is the remainder when 12637744 is divided by 28657?
7
What is the remainder when 24372 is divided by 3400?
572
Calculate the remainder when 2881548 is divided by 19.
8
Calculate the remainder when 1103904 is divided by 8624.
32
What is the remainder when 8757 is divided by 543?
69
Calculate the remainder when 2746856 is divided by 92.
12
Calculate the remainder when 6151841 is divided by 227.
141
What is the remainder when 746155 is divided by 31089?
19
What is the remainder when 2679772 is divided by 3801?
67
Calculate the remainder when 623861 is divided by 623848.
13
What is the remainder when 35194280 is divided by 493?
489
Calculate the remainder when 61937 is divided by 6061.
1327
What is the remainder when 189690 is divided by 189414?
276
Calculate the remainder when 153576670 is divided by 63.
58
What is the remainder when 572967 is divided by 114578?
77
What is the remainder when 41395 is divided by 128?
51
What is the remainder when 575286 is divided by 287347?
592
What is the remainder when 1126911 is divided by 668?
663
What is the remainder when 105504234 is divided by 15?
9
What is the remainder when 2949565 is divided by 359?
21
Calculate the remainder when 1239867 is divided by 304.
155
What is the remainder when 144753 is divided by 36012?
705
Calculate the remainder when 373685 is divided by 373436.
249
Calculate the remainder when 318784 is divided by 9.
4
Calculate the remainder when 120158 is divided by 3755.
3753
Calculate the remainder when 89470 is divided by 8910.
370
What is the remainder when 58233308 is divided by 64?
28
Calculate the remainder when 3743749 is divided by 71995.
9
Calculate the remainder when 4197737 is divided by 1634.
1625
Calculate the remainder when 460753 is divided by 153473.
334
What is the remainder when 2958392 is divided by 465?
62
What is the remainder when 2669347 is divided by 1554?
1129
Calculate the remainder when 916143 is divided by 313.
305
Calculate the remainder when 1007713 is divided by 380.
333
What is the remainder when 32747 is divided by 16366?
15
Calculate the remainder when 623065 is divided by 7253.
6560
What is the remainder when 2402124 is divided by 282?
48
What is the remainder when 838542272 is divided by 25?
22
What is the remainder when 44583 is divided by 20708?
3167
Calculate the remainder when 8480 is divided by 1978.
568
Calculate the remainder when 410638 is divided by 816.
190
What is the remainder when 60581 is divided by 566?
19
What is the remainder when 162169933 is divided by 2?
1
Calculate the remainder when 80561 is divided by 882.
299
What is the remainder when 43010794 is divided by 29?
24
What is the remainder when 14581 is divided by 150?
31
Calculate the remainder when 30398742 is divided by 30398700.
42
What is the remainder when 547259 is divided by 136811?
15
What is the remainder when 117841 is divided by 243?
229
What is the remainder when 2278545 is divided by 71?
13
What is the remainder when 88746260 is divided by 1328?
4
What is the remainder when 783073880 is divided by 14641?
14636
What is the remainder when 14840932 is divided by 123?
121
Calculate the remainder when 36763409 is divided by 65.
59
What is the remainder when 2428937 is divided by 3874?
3813
What is the remainder when 228856 is divided by 179?
94
What is the remainder when 3456547 is divided by 8328?
427
What is the remainder when 389739 is divided by 80?
59
Calculate the remainder when 74923 is divided by 9337.
227
What is the remainder when 893968 is divided by 151?
48
What is the remainder when 18076570 is divided by 169?
161
What is the remainder when 1584571 is divided by 36?
31
What is the remainder when 327864 is divided by 3626?
1524
Calculate the remainder when 13506740 is divided by 5750.
5740
What is the remainder when 61878098 is divided by 3518?
3514
Calculate the remainder when 9962201 is divided by 17.
14
Calculate the remainder when 132329 is divided by 5256.
929
What is the remainder when 759200 is divided by 75918?
20
Calculate the remainder when 121188 is divided by 1262.
36
Calculate the remainder when 1410182 is divided by 352534.
46
What is the remainder when 11951278 is divided by 20?
18
What is the remainder when 1349320 is divided by 607?
566
Calculate the remainder when 46559143 is divided by 20.
3
Calculate the remainder when 453852 is divided by 25214.
0
Calculate the remainder when 331088 is divided by 323.
13
What is the remainder when 11725978 is divided by 9887?
9883
What is the remainder when 3902853 is divided by 5310?
3
What is the remainder when 3293360 is divided by 1110?
1100
What is the remainder when 1386958 is divided by 462310?
28
What is the remainder when 238103 is divided by 310?
23
What is the remainder when 520227249 is divided by 1266?
1263
What is the remainder when 6828064 is divided by 141?
139
What is the remainder when 2426173 is divided by 101089?
37
Calculate the remainder when 23388495 is divided by 11.
9
What is the remainder when 1870251 is divided by 125?
1
What is the remainder when 1257392553 is divided by 126?
123
Calculate the remainder when 36315100 is divided by 1454.
1450
What is the remainder when 98482373 is divided by 49241175?
23
What is the remainder when 43232588 is divided by 1442?
1428
Calculate the remainder when 24620 is divided by 11744.
1132
What is the remainder when 11250042 is divided by 333?
303
What is the remainder when 4118048 is divided by 21448?
32
Calculate the remainder when 222272 is divided by 206.
204
Calculate the remainder when 298492 is divided by 99479.
55
Calculate the remainder when 149020467 is divided by 170.
167
Calculate the remainder when 2400825 is divided by 1140.
1125
Calculate the remainder when 13007 is divided by 5939.
1129
Calculate the remainder when 3692440 is divided by 131868.
136
What is the remainder when 685492 is divided by 4636?
4000
Calculate the remainder when 354959313 is divided by 507.
501
What is the remainder when 2422730 is divided by 807504?
218
Calculate the remainder when 10130314 is divided by 26381.
10
Calculate the remainder when 507406 is divided by 2338.
60
What is the remainder when 217961 is divided by 17972?
2297
What is the remainder when 486514 is divided by 880?
754
What is the remainder when 5669205 is divided by 261?
24
What is the remainder when 103856 is divided by 2884?
32
What is the remainder when 738059 is divided by 9?
5
What is the remainder when 197609586 is divided by 1199?
1197
Calculate the remainder when 315338 is divided by 4634.
226
What is the remainder when 44529 is divided by 579?
525
What is the remainder when 44622264 is divided by 22?
16
What is the remainder when 36747674 is divided by 49392?
26
What is the remainder when 540386 is divided by 149?
112
Calculate the remainder when 89351930 is divided by 22.
8
What is the remainder when 75313 is divided by 6267?
109
What is the remainder when 25599119 is divided by 8533038?